
6
What is the thousands digit of 34465?
4
What is the units digit of 4363?
3
What is the hundreds digit of 1800?
8
What is the ten thousands digit of 28120?
2
What is the hundreds digit of 1380?
3
What is the units digit of 44023?
3
What is the thousands digit of 21817?
1
What is the hundreds digit of 3712?
7
What is the tens digit of 61542?
4
What is the units digit of 53689?
9
What is the thousands digit of 1997?
1
What is the tens digit of 75676?
7
What is the thousands digit of 5762?
5
What is the tens digit of 13259?
5
What is the hundreds digit of 334?
3
What is the hundreds digit of 388?
3
What is the hundreds digit of 507?
5
What is the thousands digit of 68327?
8
What is the ten thousands digit of 129975?
2
What is the tens digit of 4193?
9
What is the hundreds digit of 33239?
2
What is the tens digit of 973?
7
What is the hundreds digit of 107641?
6
What is the tens digit of 23515?
1
What is the units digit of 12207?
7
What is the units digit of 1958?
8
What is the units digit of 116234?
4
What is the ten thousands digit of 11986?
1
What is the units digit of 1576?
6
What is the tens digit of 1722?
2
What is the thousands digit of 96372?
6
What is the units digit of 503?
3
What is the thousands digit of 5897?
5
What is the thousands digit of 8713?
8
What is the units digit of 1097?
7
What is the tens digit of 26782?
8
What is the tens digit of 3299?
9
What is the thousands digit of 9921?
9
What is the thousands digit of 6061?
6
What is the hundreds digit of 1521?
5
What is the hundreds digit of 63311?
3
What is the tens digit of 1135?
3
What is the units digit of 960?
0
What is the thousands digit of 56863?
6
What is the thousands digit of 35920?
5
What is the hundreds digit of 1606?
6
What is the units digit of 1080?
0
What is the thousands digit of 2825?
2
What is the tens digit of 3483?
8
What is the hundreds digit of 3195?
1
What is the tens digit of 2737?
3
What is the tens digit of 4519?
1
What is the thousands digit of 1322?
1
What is the units digit of 24569?
9
What is the tens digit of 284?
8
What is the thousands digit of 4289?
4
What is the hundreds digit of 724?
7
What is the units digit of 1504?
4
What is the thousands digit of 5309?
5
What is the units digit of 1345?
5
What is the units digit of 240?
0
What is the hundreds digit of 651?
6
What is the ten thousands digit of 33280?
3
What is the tens digit of 24519?
1
What is the thousands digit of 2381?
2
What is the hundreds digit of 676?
6
What is the tens digit of 23624?
2
What is the hundreds digit of 4415?
4
What is the hundreds digit of 915?
9
What is the ten thousands digit of 29673?
2
What is the tens digit of 10492?
9
What is the units digit of 1132?
2
What is the tens digit of 2117?
1
What is the units digit of 268?
8
What is the units digit of 55139?
9
What is the thousands digit of 2729?
2
What is the tens digit of 45560?
6
What is the units digit of 961?
1
What is the thousands digit of 89624?
9
What is the hundreds digit of 537?
5
What is the ten thousands digit of 83463?
8
What is the ten thousands digit of 30345?
3
What is the ten thousands digit of 16574?
1
What is the units digit of 6569?
9
What is the units digit of 1835?
5
What is the units digit of 1432?
2
What is the thousands digit of 11547?
1
What is the units digit of 1106?
6
What is the tens digit of 5358?
5
What is the units digit of 83856?
6
What is the tens digit of 8648?
4
What is the hundreds digit of 1054?
0
What is the tens digit of 616?
1
What is the hundreds digit of 29320?
3
What is the hundreds digit of 108323?
3
What is the units digit of 1711?
1
What is the units digit of 6888?
8
What is the ten thousands digit of 18170?
1
What is the tens digit of 453?
5
What is the ten thousands digit of 12964?
1
What is the tens digit of 14905?
0
What is the ten thousands digit of 40826?
4
What is the units digit of 22655?
5
What is the hundreds digit of 606?
6
What is the thousands digit of 1440?
1
What is the thousands digit of 10791?
0
What is the tens digit of 761?
6
What is the units digit of 4430?
0
What is the hundreds digit of 7962?
9
What is the units digit of 63279?
9
What is the tens digit of 196567?
6
What is the ten thousands digit of 12848?
1
What is the thousands digit of 9581?
9
What is the tens digit of 29102?
0
What is the hundreds digit of 6638?
6
What is the ten thousands digit of 17582?
1
What is the tens digit of 12761?
6
What is the hundreds digit of 1841?
8
What is the ten thousands digit of 10576?
1
What is the thousands digit of 6709?
6
What is the hundreds digit of 834?
8
What is the thousands digit of 3226?
3
What is the thousands digit of 5479?
5
What is the hundreds digit of 116364?
3
What is the hundreds digit of 1757?
7
What is the hundreds digit of 13397?
3
What is the units digit of 16097?
7
What is the tens digit of 7443?
4
What is the thousands digit of 47502?
7
What is the tens digit of 36?
3
What is the units digit of 490?
0
What is the units digit of 13036?
6
What is the thousands digit of 30350?
0
What is the tens digit of 1113?
1
What is the hundreds digit of 4728?
7
What is the units digit of 568?
8
What is the units digit of 1067?
7
What is the hundreds digit of 20580?
5
What is the units digit of 437?
7
What is the tens digit of 2748?
4
What is the hundreds digit of 3504?
5
What is the tens digit of 5132?
3
What is the hundreds digit of 26818?
8
What is the hundreds digit of 4857?
8
What is the ten thousands digit of 39762?
3
What is the ten thousands digit of 23920?
2
What is the units digit of 520?
0
What is the tens digit of 4143?
4
What is the units digit of 47?
7
What is the hundreds digit of 291?
2
What is the hundreds digit of 2314?
3
What is the units digit of 1088?
8
What is the hundreds digit of 6115?
1
What is the hundreds digit of 1066?
0
What is the hundreds digit of 1670?
6
What is the hundreds digit of 5228?
2
What is the thousands digit of 5392?
5
What is the thousands digit of 29205?
9
What is the hundreds digit of 138050?
0
What is the units digit of 82?
2
What is the units digit of 27?
7
What is the thousands digit of 7035?
7
What is the units digit of 1536?
6
What is the units digit of 14468?
8
What is the units digit of 86380?
0
What is the units digit of 921?
1
What is the tens digit of 3845?
4
What is the thousands digit of 5639?
5
What is the units digit of 66884?
4
What is the units digit of 223?
3
What is the hundreds digit of 3286?
2
What is the units digit of 1323?
3
What is the thousands digit of 25187?
5
What is the thousands digit of 8163?
8
What is the tens digit of 19615?
1
What is the units digit of 1480?
0
What is the thousands digit of 2635?
2
What is the units digit of 6739?
9
What is the hundreds digit of 51019?
0
What is the tens digit of 6924?
2
What is the units digit of 1487?
7
What is the units digit of 2228?
8
What is the hundreds digit of 110614?
6
What is the thousands digit of 12662?
2
What is the units digit of 3037?
7
What is the units digit of 87085?
5
What is the hundreds digit of 2250?
2
What is the tens digit of 4766?
6
What is the hundreds digit of 24354?
3
What is the tens digit of 16191?
9
What is the hundreds digit of 23954?
9
What is the tens digit of 12337?
3
What is the hundreds digit of 7883?
8
What is the tens digit of 1969?
6
What is the units digit of 88965?
5
What is the tens digit of 108718?
1
What is the units digit of 2781?
1
What is the tens digit of 20744?
4
What is the units digit of 4615?
5
What is the hundreds digit of 2850?
8
What is the thousands digit of 90092?
0
What is the hundreds digit of 498?
4
What is the hundreds digit of 1739?
7
What is the thousands digit of 2232?
2
What is the units digit of 238?
8
What is the tens digit of 105073?
7
What is the tens digit of 101898?
9
What is the ten thousands digit of 13167?
1
What is the thousands digit of 7381?
7
What is the hundreds digit of 30833?
8
What is the tens digit of 2778?
7
What is the thousands digit of 3406?
3
What is the hundreds digit of 21782?
7
What is the thousands digit of 13100?
3
What is the units digit of 393?
3
What is the hundreds digit of 2952?
9
What is the tens digit of 3696?
9
What is the hundreds digit of 565?
5
What is the tens digit of 62?
6
What is the tens digit of 67762?
6
What is the tens di